t of a/(-20)*8/(-6)?
0
Let o be 1/3 + (-26)/(-3). Suppose -4*a + o = -a, -5*x - 17 = a. What is the tens digit of (-7 + 1)*(-6 - x)?
1
Let n be ((-8)/20)/((-4)/(-40)). Let p(w) = -w**3 - 3*w**2 + 3*w + 1. Let s be p(n). Suppose v - 1 = s*f - 10, -2*v - 8 = -5*f. What is the units digit of f?
2
Suppose -3 - 2 = -q. Suppose 2 = -2*n - 0*n - 4*x, -q*n + 3*x + 34 = 0. Suppose -4*i - 5*s = -102, -2*i - i + 94 = -n*s. What is the units digit of i?
8
Let f = 516 + -277. Suppose 0 = -2*m - 0*p + p + f, -2*m + 2*p + 240 = 0. What is the tens digit of m?
1
What is the tens digit of (-219*1/(-6))/((-1)/(-10))?
6
Let c be 16/(-2) - 2/2. Let x(y) = y**2 + 5*y - 10. What is the tens digit of x(c)?
2
What is the thousands digit of -6 + (-1)/(13/(-65988))?
5
Suppose -2*h + m = -3091, 0 = h + m - 362 - 1176. What is the thousands digit of h?
1
Suppose 0 = -4*o + 3*l - 6*l + 4661, 3*o + 3*l = 3492. What is the tens digit of o?
6
Let o be (-152 - 1)*16/(-6). Suppose 804 = 3*d - o. Suppose -g - 3*g + 2*n = -322, -3*n - d = -5*g. What is the units digit of g?
9
Suppose -4*i + 6*i + 16 = 0. What is the units digit of (i/(-6))/((-3)/81*-3)?
2
Let h = -297 + 302. Let o be 2*-1 + 2 + -216. What is the units digit of (h + 2)*o/(-28)?
4
Let v(l) = -107*l**3 - 2*l**2 - 9*l - 4. What is the units digit of v(-2)?
2
Let l be (3 - 1/1) + 2. Suppose v - 26 = f, -3*f - 112 = -5*v - l*f. What is the tens digit of v?
2
Suppose 3*h - 4036 = 2*c, -2*c - 10 = -0*c. What is the thousands digit of h?
1
Suppose 0 = w - 4*w - 6. Let l be 1/w - (-11)/22. Suppose 4*r + 0*r - 152 = l. What is the tens digit of r?
3
Suppose v + 3*v + 4 = 0. What is the units digit of (13 - (-1 - v)) + -1?
2
Let u = -910 - -244. Let g be u/(-21) - (-4)/14. Suppose -4*m = 3*a - g, -10 - 19 = -5*m - a. What is the units digit of m?
5
Suppose 4*w - 2 = 14. What is the units digit of w/5 + 1124/20?
7
Suppose 4*p = z + 2 + 5, -3*z + 30 = 5*p. Suppose 203 = p*b + 4*u - 285, -b + 168 = 4*u. Let c = -98 + b. What is the units digit of c?
2
Let g = 1194 - 457. Suppose 10*a + a = g. What is the units digit of a?
7
Let o(i) = 2*i**2 - 26*i - 34. Let y be o(14). What is the units digit of (1704/(-36))/(y/9)?
1
Let t(q) be the second derivative of q**4/4 + 16*q**3/3 - 9*q**2/2 + 16*q. What is the tens digit of t(-13)?
8
Let c(x) = x**3 + 7*x**2 + 4*x - 5. Let m be c(-6). Suppose -2*a - 20 = -m*a. Suppose 3*b - 8*b - z = -227, -5*b + 233 = a*z. What is the units digit of b?
5
What is the hundreds digit of (-1)/4 - ((-35403)/12 - -12)?
9
What is the hundreds digit of ((-19356)/(-48))/(1/4)?
6
What is the tens digit of -3 - (980/(-4))/7?
3
Let b(m) = -m + 8. Let a(v) = -4*v + 40. Let q(g) = 4*a(g) - 22*b(g). Let i = -295 - -306. What is the tens digit of q(i)?
5
Suppose -10*h + 10 = -5*h. Suppose 72 = 3*u + 3*l, -h*l = u + 2*u - 67. What is the tens digit of u?
1
Let o be 1 + 0 + 3 + -6. Let x be (-1 - -1)/(3 + o). Suppose x*k - 14 = -2*k. What is the units digit of k?
7
Let v(d) = 5*d + 358. What is the hundreds digit of v(-8)?
3
Let u(s) = 2*s**2 + 55*s + 35. What is the tens digit of u(-33)?
9
Let w(p) = 2*p - 5. Let i = 29 - 25. Let d be w(i). Suppose d*g - 34 = -2*m, -2*g = m + g - 20. What is the tens digit of m?
1
Let x(n) = -27*n**3 - 2*n**2 + 1. Let z = 30 + -29. Let t be x(z). What is the units digit of (-14)/t*10*2?
0
What is the tens digit of 5394/29*142/6?
0
Suppose -20 = -5*k + 3*k. Suppose -3*g + k = -5*g. What is the units digit of (g + 6)/((-2)/(-4))?
2
Let m(z) = -6*z + 58. What is the units digit of m(-6)?
4
Let u(h) = h**3 - 26*h**2 + 120*h + 81. What is the units digit of u(25)?
6
Suppose -5*b + 2*s + 3368 = 0, 369 + 1627 = 3*b + 5*s. What is the hundreds digit of b?
6
What is the thousands digit of 169252/119 + (-5)/(-7)?
1
Suppose 12*n + x = 10*n + 1045, x = -4*n + 2087. What is the units digit of n?
1
Let m = 2152 + 601. What is the tens digit of m?
5
Let a = -20 - -22. Suppose 0 = a*x + 2*i - 4, -x - 4*i + 2*i + 2 = 0. Suppose 1 = x*s - s. What is the units digit of s?
1
Let b(l) = 71*l - 120. What is the hundreds digit of b(34)?
2
Suppose 84*j - 82*j + 2*r - 1060 = 0, 4*j - 5*r - 2165 = 0. What is the hundreds digit of j?
5
Suppose -l + 5*i = 3*i - 9, 0 = -3*l - 2*i + 19. Suppose -u - 144 = -l*u. What is the units digit of u?
4
Let q(o) = 23*o**2 - 55*o - 297. What is the hundreds digit of q(-6)?
8
Let u = 539 - 377. What is the hundreds digit of u?
1
Let z be (-1 - 508/8)/((-3)/40). Suppose 0 = 3*k - u - 641, -4*k + z = -0*k - 4*u. What is the units digit of k?
3
Suppose 180 = 3*w - 15. Suppose -3*z - w = -a - 4*a, a = -z + 5. Let y(c) = c**3 - 10*c**2 + 2*c - 5. What is the tens digit of y(a)?
1
Suppose 5*j - 1405 - 545 = 0. Suppose f - 6*f + j = 0. What is the units digit of f?
8
Suppose 42 = 3*n - 0*k + 4*k, 0 = 3*k. Suppose 0 = -y - 4*d + n, 0*y + d = -2*y + 56. Suppose 3*w = 2*w + 5, -w = -5*p + y. What is the units digit of p?
7
Let v = 123 + -39. What is the tens digit of v?
8
Let q = 265 - 106. What is the units digit of q?
9
Let t(z) = -z**3 + 4*z**2 - 4. Let u(i) = -i - 1. Let v(k) = t(k) - 2*u(k). Let m be v(4). What is the units digit of (-20)/m*(-12)/5?
8
Suppose 0 = -2*j - 8, 2*j = -u - 0*j + 113. Suppose z - 28 = u. What is the units digit of z?
9
Let o be 1 + -1 + 1 + -1. Let a be (1 + -1)*8/(80/(-10)). Suppose o = h - 5, 3 = d - 5*h - a. What is the units digit of d?
8
Let b(w) = w**3 + 5*w**2 - 8*w - 1. Let q be b(-6). Let g = q - 10. What is the units digit of 1/(g/19) - -3?
2
Suppose n + n - 30 = 0. Suppose 3*o - n = 4*g + 29, 31 = 2*o - 3*g. Let c(t) = -t**3 + 7*t**2 + 10*t - 10. What is the units digit of c(o)?
6
Let c be 3072/10 - 2/10. Suppose 2*b - c = 7*y - 2*y, 0 = b - 4*y - 158. What is the tens digit of b?
4
Suppose 10687 = 3*j + d, -7*d + 6*d = -j + 3557. What is the units digit of j?
1
Suppose -4*t = -4*i + 2402 + 3986, -4*t - 4791 = -3*i. What is the thousands digit of i?
1
Let p = 4617 - -974. What is the hundreds digit of p?
5
Suppose -4*w = 4, -2*p - 3*w = 3*p - 9692. What is the units digit of p?
9
Let x(d) be the first derivative of -d**4/4 + 5*d**3 - 7*d**2 + 2*d - 10. Let w be x(14). What is the tens digit of 70/2 - (w + -2)?
3
Let c = 610 + -308. What is the tens digit of c?
0
Let g be (-92 - 5) + -5 - (-9)/3. Let m = 273 + g. What is the hundreds digit of m?
1
Suppose 0 = -44*z + 49*z - 5*b - 11455, -3*z = 5*b - 6889. What is the thousands digit of z?
2
What is the tens digit of (-4)/(3 + -1) + (84 - 71)?
1
Let b be -2 - -1*(2 + 3). Suppose -b*d + 8*h - 3*h = -232, -4*h = -2*d + 156. What is the units digit of d?
4
Let f be 4/(-1)*55/(-44). Suppose 5*r - f*p = 225, -2*r + 80 = -4*p - 16. Suppose g = 3*g - r. What is the tens digit of g?
2
Let c = 10 + 6. Suppose -18 = -d + c. What is the tens digit of d?
3
Suppose 3*g - 28 = -g - 4*l, -5*g + 4*l = 1. Suppose -4*k + 4*y = -636, 2*k = -g*y + 217 + 116. What is the units digit of k?
2
Let q = 25 - 21. Suppose 17 = x - 2*l - 3, 30 = q*x + 2*l. Let h = 25 - x. What is the units digit of h?
5
Suppose -s = 2*s - 3. Suppose -3*u - i = -5, i + 4*i + 9 = 2*u. Suppose u*r = r + s. What is the units digit of r?
1
Suppose q + 1 = -10. Let f = q - -14. Suppose 4*t - 11 = f*t. What is the tens digit of t?
1
Suppose 5*b + 2101 = h + 7059, 0 = -2*b - 3*h + 1973. What is the tens digit of b?
9
Suppose 176 = c + 3*j, -6*j + j + 180 = c. What is the hundreds digit of c?
1
Let c be (-4)/28 - 36/(-7). Suppose 21 = 2*m + 3*z, -c*m + 31 = -m - 5*z. What is the units digit of (-220)/(-7) - m/21?
1
Suppose -19*w + 21386 = 15*w. What is the hundreds digit of w?
6
Let q = 31 + -8. Let l = -39 + q. What is the units digit of ((-312)/l)/((-3)/(-4))?
6
Suppose -5*p = 2*k + 31 - 251, 20 = 5*p. What is the units digit of k?
0
Let d be -3 + (2 - (-8 - -5)). Suppose m - 2*t + 17 = d*m, -m = -5*t - 31. What is the tens digit of m?
2
Let p = -1361 + 1383. What is the tens digit of p?
2
Let c = 204 - -315. What is the hundreds digit of c?
5
Let n be 16/(-4*(-1)/8). Suppose -2*f + n = -16. What is the units digit of f?
4
Let b(d) = -19*d - 30*d + 30 - 44 - 5*d - 2*d**2. What is the units digit of b(-22)?
6
Let a(g) = -g**2 + 18*g - 22. Let k be a(17). What is the hundreds digit of -1 + -5 + 144 + k?
1
Let y(v) = 40*v**2 - 28*v - 32. What i